 2*h = 14. Suppose 5*v - 647 = -3*p, 6*p - 1025 = p + 5*v. Let k = p - n. Is k composite?
True
Let s(v) = -v**2 + 7*v - 7. Let l be s(5). Suppose -7*w - 4*j = -2*w + 31, -l*w + 2*j - 1 = 0. Is (-183)/w + (-3)/1 prime?
False
Let x be (-10746)/(-90) + 4/(-10). Suppose -4*l - a + 407 = 0, l + 3*a - x = -31. Is l composite?
False
Suppose 154 = -4*a - 606. Let t be (a/(-3))/(1/3). Suppose 10 = 2*l, -s + 6*s = 5*l + t. Is s prime?
True
Suppose 50 = -2*z + 7*z. Let g(j) = -3*j + 6*j**2 - z*j**2 + 0*j**3 - 3*j - j**3 - 10. Is g(-7) a prime number?
True
Is (13 - 2) + -5 + 35243 a prime number?
False
Let w(p) = -5*p**2 - 6*p + 3. Let g be w(-3). Let l(u) = 3*u**2 + 47*u - 34. Is l(g) composite?
True
Suppose -1338 = m - 4*m. Is m a composite number?
True
Let s(l) = 4*l**2 + 1 - 5*l**2 - 38*l**3 + 22*l**3 - 61*l**3. Let j = 2 + -3. Is s(j) a composite number?
True
Suppose 0 = -40*z + 2*z - 418. Let h(s) be the first derivative of -10*s**2 - 9*s + 1. Is h(z) prime?
True
Let d = 30 + -25. Suppose -6*r + d*r = -35. Is r a prime number?
False
Let w(o) = 4*o**2 - 40*o - 361. Is w(-40) composite?
False
Let t = -1855 + 2914. Is t composite?
True
Suppose 905 + 1018 = 3*b. Is b prime?
True
Is 3/4 + 6 + 130178/8 composite?
True
Suppose 5*a + 20 = 0, -2*o + 6*o - 2*a - 8 = 0. Suppose q = -3*x + 4529, o*q + 3*q + 6056 = 4*x. Is x a composite number?
False
Let d = 673 + 278. Is d prime?
False
Suppose 0 = 5*o - 16452 - 19068. Suppose 0 = 15*c + o - 42039. Is c composite?
True
Suppose -12946 = 6*u - 66484. Is u prime?
True
Suppose -468 = 53*c - 59*c. Suppose -2*v + s = 14, 5*v + 50 = -3*s + 15. Let w = c + v. Is w composite?
False
Let t = -481 - -2984. Is t a composite number?
False
Let j(s) = -54*s**2 - 5*s + 5. Let l(b) = 109*b**2 + 11*b - 10. Let v = 3 - 16. Let q(u) = v*j(u) - 6*l(u). Is q(-4) prime?
False
Suppose -14726 = -4*r - 2*q, -8*r - 2*q = -2*r - 22092. Is r a prime number?
False
Suppose -29769 = -3*m + 2*j, 0 = -m + 9*j - 4*j + 9923. Is m a prime number?
True
Let z(f) = -f**2 - 4*f + 3. Let m be z(-4). Suppose -m*g + 217 = -656. Is g a composite number?
True
Suppose 0 = -8*c + 26 + 14. Suppose -c*g = 2*i - 7365, 5*g + 5271 = -5*i + 12651. Is g a composite number?
False
Is (3 + -6)*(-4195)/15 a prime number?
True
Let q be 2/9 + 100/36. Is (-3)/(-18)*2518*q a composite number?
False
Let v(w) = 845*w - 398. Is v(9) composite?
False
Is (112502/(-6 - -8))/(1/1) a composite number?
True
Let l(j) = -j - 11. Suppose 4*t = -2*k - 38, -5*t = 2*k + k + 46. Let n be l(t). Is 18/9 - (n + -905) composite?
False
Let p = -92 - -97. Suppose -2*c = -k + 212, 5 = -0*c + p*c. Is k prime?
False
Let c(x) = 23*x - x**2 + 1 - 5*x - 1 + 5. Let h = 88 - 71. Is c(h) prime?
False
Suppose -2*g + 44 = -0*g. Suppose -21*x = -g*x + 251. Is x a prime number?
True
Is 90/60*9836/6 a prime number?
True
Let d(a) = a**3 - 15*a**2 - 4. Let j be d(15). Is (j/(-2))/((12/9213)/2) prime?
False
Suppose -5*c = -c - 60. Suppose -3 = -2*s - 3*w, -c + 3 = -3*s - 2*w. Suppose -265 = d - s*d. Is d composite?
False
Let s = -20 + 8. Let o(p) = -p**3 - 12*p**2 - 2*p - 16. Let x be o(s). Let d = x + 11. Is d a composite number?
False
Let r be 1 - 15/(-10)*2. Suppose -4*j - 1356 = -r*i, -3*j = -3*i + j + 1022. Is i a composite number?
True
Suppose 6*z = 4*z + 2*k + 34070, 3*k = -6. Is z prime?
True
Let h(j) = 12248*j + 3. Is h(1) prime?
True
Let r(k) = 3*k - 1. Let l be r(-1). Let o be l - (-6)/3 - -4. Suppose 3*x = 0, 3*x - 2*x - 382 = -o*z. Is z a prime number?
True
Let v(o) = -4090*o - 117. Is v(-2) a composite number?
True
Suppose 5*c + 4*p + 1 = 4*c, 2*c + 4*p = -6. Let k be 1*2 - 380/c. Let x = -35 + k. Is x a composite number?
False
Let d(h) = 47*h**2 + 13*h + 111. Is d(14) prime?
False
Let d be 5 + 0/((-15)/(-3)). Let s = 2 + 2. Suppose -3*u = d*r - 632, s*u - u - 628 = -r. Is u a prime number?
False
Let t = 1851 - -250. Is t a prime number?
False
Let r be 16/80 + 2158/10. Let q = r - 143. Let v = -20 + q. Is v a composite number?
False
Let f be (-4)/((2/71)/1). Let g = 242 + f. Suppose 6*r = 32 + g. Is r prime?
False
Let u(v) = v + 3. Let h be u(0). Let w = -77 - -80. Suppose h*z = -2*s + 127, -191 = -w*s - 6*z + 2*z. Is s a prime number?
False
Let t = 5039 + 3624. Is t a composite number?
False
Let w = 3708 + -2015. Is w prime?
True
Let u(s) = -2*s - 1. Let j be u(-4). Let p(n) = n**3 + 3*n**2 - 6*n - 11. Is p(j) a prime number?
False
Suppose -3*v = -3*z - 2823, 5*v - z - 3852 = 853. Suppose 0 = -4*n + 2961 - v. Is n composite?
True
Let h(s) = -s - 4. Let b be h(-9). Suppose -5*z + 179 = 3*j - 1440, 1096 = 2*j - b*z. Is j composite?
True
Let j = -791 - -1590. Is j composite?
True
Suppose -3*l = -2*v + 13048, 4*l - 19555 = -7*v + 4*v. Is v composite?
False
Suppose -37776 = -7*c + 11*c. Is (c/24)/(2/(-4)) prime?
True
Let c(f) = 7*f**2 + 5*f + 14. Let b be c(11). Let y(n) = 13*n**2 + 7*n + 2. Let q be y(7). Suppose 4*k - b = q. Is k a composite number?
False
Suppose 5*c - 20309 = -3*d, 3*c = -7*d + 5*d + 12185. Is c composite?
True
Suppose -13 = -4*x + 4*b - 1, -4*x + 18 = 2*b. Suppose -x*v = -2*h - 340, v + 39 = 3*h + 134. Is v prime?
True
Suppose 19*w - 10 = 24*w. Let m(d) = -21*d**3 + d - 3. Is m(w) a prime number?
True
Is 1543/(15/3 + -4) a prime number?
True
Is (-6)/(96/146152)*-2 prime?
True
Suppose 2*q + 40 = -j - 191, 2*q - 450 = 2*j. Let k = j + 510. Suppose -k = -2*i + 3*u, -2*i + 5*u = 2*i - 561. Is i a composite number?
True
Suppose -91*f = -88*f + 21. Let j = f + 58. Is j a composite number?
True
Is 254274/4 + 4/8 a prime number?
False
Is 481221/24 + (6/6)/8 a prime number?
True
Suppose c + 5*j = 12679, 3*c + 6*j - 38057 = j. Is c prime?
True
Is 24227 + (-9 + 7 - -8) a prime number?
False
Suppose -s = 2*f + 6, -f = 3*s - 2 - 5. Suppose 251 = -3*g + s*g. Is g a prime number?
True
Suppose 4*p = -g + 25, p + 3*g - 20 = -0*g. Suppose 5 + p = 5*w. Suppose -w*q = 2*q - 28. Is q composite?
False
Suppose -6*a + 24 = -0*a. Let s be (-3)/(a + 20/(-8)). Is ((-228)/8 - -3)*s a composite number?
True
Suppose 78884 - 26837 = 3*i. Is i composite?
True
Let s(m) = 33*m**2 + 16*m + 13. Is s(8) prime?
False
Let j be 3420/27 - (-4)/(-6). Let d = 179 + j. Is d composite?
True
Let n(r) be the third derivative of -r**4/8 + 347*r**3/3 - 22*r**2. Is n(0) prime?
False
Let z = -1264 - -2043. Suppose -2*y - 249 = 4*p - z, 0 = -p + 4. Is y composite?
False
Let l(k) = 23*k**2 + k + 41. Is l(-6) a composite number?
False
Let m = 802 - -42. Suppose -2*c + 1259 = -t, 5*c + m = 4*t + 3987. Is c a prime number?
True
Suppose -c + 8880 = 2*r - 2141, 55132 = 5*c + r. Is c a prime number?
True
Let f(v) = 32*v**2 + v + 3. Let u be f(5). Suppose l + 4*l = 0, 10 = 2*r - 5*l. Suppose -u = -2*s - 2*s - i, -r*s = -5*i - 1010. Is s a prime number?
False
Suppose k + 742 = 41. Let l = k - -1054. Is l composite?
False
Is (-5)/(75/(-9055))*3 composite?
False
Let b be (-1)/(-7) - ((-5)/(-35) + 4). Is b/(-18) - 22471/(-9) a composite number?
True
Suppose 0 = -y + 4*c + 3652 + 13259, 3*y - 50749 = 4*c. Is y composite?
True
Let v = -35 + 55. Let d be (-10)/(-30) + v/3. Let w = 230 - d. Is w a prime number?
True
Is 2 - 48212/(7 + -11) composite?
True
Let g be (0 + 4)*1 - -232. Suppose l - 2*o - 7 - 54 = 0, -4*l + 4*o = -g. Is l a prime number?
False
Let i = -13 - -17. Let k = -2 + i. Suppose 0 = -k*b + 2*m + 1104, -2*m + m - 2211 = -4*b. Is b composite?
True
Let d(j) = -7*j**2 - 13*j + 1. Let s = -37 - -24. Let v(k) = 15*k**2 + 27*k - 3. Let i(b) = s*d(b) - 6*v(b). Is i(14) a prime number?
False
Let k be -4 + (4 + -5 - -287). Suppose -4*j = -j - k. Is (4 + (-21)/6)*j a prime number?
True
Let a = 27 + -22. Suppose -a*o + 2686 = 21. Is o a prime number?
False
Let k = 3485 - 752. Is k composite?
True
Let t(x) = 33*x**2 - 6*x - 2. Let w = -22 + 15. Is t(w) prime?
True
Suppose -n + 3*n - 5*u - 16443 = 0, 3*n - 24684 = u. Suppose -2*f - 2171 + n = 0. Is f a composite number?
True
Suppose 186*u + 654 = 188*u. Is (-12)/3 - (-1 + u)/(-2) a prime number?
False
Let l(n) = -882*n - 919. Is l(-15) a prime number?
False
Let c be (9 - 15)/((-1)/(2/4)). Suppose 3*o = h + 9489, -5*o + c*h + 15815 = -2*h. Is o a prime number?
True
Suppose j + 3 = 5. Suppose 9*k = 11*k. Suppose -3*f = 15 - 0, -3*a + j*f + 2191 = k. Is a composite?
False
Let t(r) = 43*r**2 + r